{"id":123,"date":"2018-01-22T11:09:10","date_gmt":"2018-01-22T10:09:10","guid":{"rendered":"http:\/\/192.168.2.193:8484\/?page_id=123"},"modified":"2018-02-27T10:41:17","modified_gmt":"2018-02-27T09:41:17","slug":"rahmenbedingungen","status":"publish","type":"page","link":"http:\/\/www.kjp-rau.de\/index.php\/psychotherapie\/rahmenbedingungen\/","title":{"rendered":"Rahmenbedingungen"},"content":{"rendered":"<p><strong>Rahmenbedingungen der Psychotherapie:<\/strong><\/p>\n<p>In einem Erstgespr\u00e4ch (auch psychotherapeutische Sprechstunde genannt) wird von meiner Seite zun\u00e4chst abgekl\u00e4rt, ob die ambulante Psychotherapie f\u00fcr den Patienten die richtige Therapieform ist oder ob Eltern beispielsweise eher eine Erziehungsberatung ben\u00f6tigen. Um dies entscheiden zu k\u00f6nnen, soll eine diagnostische Einordnung sowie eine erste Problemanalyse stattfinden. Ist eine Psychotherapie sinnvoll, erhalten die Patienten im zweiten Schritt bis zu 5 Probesitzungen (sog. probatorische Sitzungen) von jeweils 50 Minuten, in denen sie M\u00f6glichkeit haben, einen Eindruck zu gewinnen und sich zu entscheiden, ob die Therapie durchgef\u00fchrt werden soll oder nicht. Als Therapeutin habe ich in den Probesitzungen die Aufgabe, mir einen \u00dcberblick zu verschaffen und die Probleme des Patienten vor dem Hintergrund der individuellen Lebensgeschichte zu verstehen sowie alle notwendigen Formalit\u00e4ten f\u00fcr eine Beantragung bei der Krankenkasse vorzubereiten. Die Kosten des Erstgespr\u00e4chs und der Probesitzungen werden grunds\u00e4tzlich, auch ohne vorherige Beantragung, von der Krankenkasse \u00fcbernommen. Ein Antrag auf Psychotherapie wird zum gegenw\u00e4rtigen Zeitpunkt in den allermeisten F\u00e4llen von der Krankenkasse genehmigt \u2013 dies sind im Regelfall 24 Sitzungen \u00e0 50 Minuten. Sind Sie privat- oder beihilfeversichert, informieren Sie sich am besten bei Ihrem Kostentr\u00e4ger vorab, wie viele Therapiesitzungen \u00fcbernommen werden.<\/p>\n<p>Eine Psychotherapie dauert durchschnittlich zwischen 6 und 12 Monaten. Sollten wir gemeinsam feststellen, dass die gesteckten Therapieziele erreicht sind, ist eine vorzeitige Beendigung jederzeit m\u00f6glich. Selbstverst\u00e4ndlich steht es den Patienten prinzipiell zu jeder Zeit frei, die Therapie auf eigene Entscheidung hin zu beenden.<\/p>\n<p>Generell ist es gegen Ende einer Therapie angezeigt, die urspr\u00fcnglich w\u00f6chentlichen Termine auf l\u00e4ngere Zeitr\u00e4ume auszudehnen. Dies erleichtert die Beendigung der Therapie und hilft bei der eigenst\u00e4ndigen Umsetzung des Erlernten.<\/p>\n<p>Begleitende Bezugspersonengespr\u00e4che geh\u00f6ren bei Kindern fest zum therapeutischen Programm &#8211; diese k\u00f6nnen zus\u00e4tzlich im Verh\u00e4ltnis von 4 zu 1 stattfinden. Bei Jugendlichen wird der Bedarf der Bezugspersonenstunden individuell entschieden.<\/p>\n<p>&nbsp;<\/p>\n","protected":false},"excerpt":{"rendered":"<p>Rahmenbedingungen der Psychotherapie: In einem Erstgespr\u00e4ch (auch psychotherapeutische Sprechstunde genannt) wird von meiner Seite zun\u00e4chst abgekl\u00e4rt, ob die ambulante Psychotherapie f\u00fcr den Patienten die richtige Therapieform ist oder ob Eltern beispielsweise eher eine Erziehungsberatung ben\u00f6tigen. Um dies entscheiden zu k\u00f6nnen, soll eine diagnostische Einordnung sowie eine erste Problemanalyse stattfinden. Ist eine Psychotherapie sinnvoll, erhalten die [&hellip;]<\/p>\n","protected":false},"author":1,"featured_media":89,"parent":18,"menu_order":0,"comment_status":"closed","ping_status":"closed","template":"","meta":{"footnotes":""},"_links":{"self":[{"href":"http:\/\/www.kjp-rau.de\/index.php\/wp-json\/wp\/v2\/pages\/123"}],"collection":[{"href":"http:\/\/www.kjp-rau.de\/index.php\/wp-json\/wp\/v2\/pages"}],"about":[{"href":"http:\/\/www.kjp-rau.de\/index.php\/wp-json\/wp\/v2\/types\/page"}],"author":[{"embeddable":true,"href":"http:\/\/www.kjp-rau.de\/index.php\/wp-json\/wp\/v2\/users\/1"}],"replies":[{"embeddable":true,"href":"http:\/\/www.kjp-rau.de\/index.php\/wp-json\/wp\/v2\/comments?post=123"}],"version-history":[{"count":9,"href":"http:\/\/www.kjp-rau.de\/index.php\/wp-json\/wp\/v2\/pages\/123\/revisions"}],"predecessor-version":[{"id":235,"href":"http:\/\/www.kjp-rau.de\/index.php\/wp-json\/wp\/v2\/pages\/123\/revisions\/235"}],"up":[{"embeddable":true,"href":"http:\/\/www.kjp-rau.de\/index.php\/wp-json\/wp\/v2\/pages\/18"}],"wp:featuredmedia":[{"embeddable":true,"href":"http:\/\/www.kjp-rau.de\/index.php\/wp-json\/wp\/v2\/media\/89"}],"wp:attachment":[{"href":"http:\/\/www.kjp-rau.de\/index.php\/wp-json\/wp\/v2\/media?parent=123"}],"curies":[{"name":"wp","href":"https:\/\/api.w.org\/{rel}","templated":true}]}}